39*g**3 + 5*g + 3. List the prime factors of k(3).
3, 7, 17
Let p = -7 - -9. Suppose -4*q = -5*f - 2*q + 482, f = 3*q + 99. Suppose f = l + p*l. List the prime factors of l.
2
Let k = 577 - 354. What are the prime factors of k?
223
Let r = 1377 + -756. What are the prime factors of r?
3, 23
Suppose 10*y - 5*y + 380 = 0. Let g be y*(-1 + 0 + 2). List the prime factors of ((-9)/6)/(6/g).
19
Suppose 6*c = 3*c - 4*j + 316, -j - 565 = -5*c. List the prime factors of c.
2, 7
Suppose b + 1 - 3 = -p, 2*p = -4*b. Suppose p*m = -m + 235. What are the prime factors of m?
47
Suppose 2*y - b = -0*b + 16, 14 = y + b. Suppose 4*z = y + 6. Suppose -s + 26 = 3*n - 5*s, 0 = -z*n - 3*s + 43. What are the prime factors of n?
2, 5
Let u = 1325 + -300. What are the prime factors of u?
5, 41
Let q(r) = 3*r**2 + 6*r + 1. What are the prime factors of q(-3)?
2, 5
List the prime factors of (22 - 24)*1*(-52 - 1).
2, 53
Suppose 10673 = 27*n - 15031. What are the prime factors of n?
2, 7, 17
Let s(w) = -w**3 + 8*w**2 + 6*w - 9. Let f = -12 - -18. What are the prime factors of s(f)?
3, 11
Let u = -13 + 16. Suppose 0 = u*t - 126 - 54. List the prime factors of t.
2, 3, 5
Suppose -3*x = 5*c + 5, -2*x - x = 4*c + 4. Suppose o + x = 2. Suppose -l = o*l - 105. List the prime factors of l.
5, 7
Let n = -119 + 172. Let a = 9 + n. List the prime factors of a.
2, 31
Let c(z) = -z + 5. Let d be c(-4). List the prime factors of d/(-18)*-2*2*43.
2, 43
Let m(g) = g**2 - 6*g + 5. Let w be m(6). Let r be (-1)/w - (-15953)/(-35). What are the prime factors of r/(-14) + (-18)/(-42)?
3, 11
Let p(a) = -a**3 - 9*a**2 + 7*a + 5. Let x be p(-9). Let o = 141 + x. What are the prime factors of o?
83
Let b(g) = g**2 - g + 6. Let h be b(-10). Suppose -h = -2*q - 2*q. Suppose -y - 2*o + q = 0, 4*y - 50 = -2*o + 54. What are the prime factors of y?
5
Suppose -58*m - 9336 = -62*m. List the prime factors of m.
2, 3, 389
Let f(u) = -2*u**3 - 5*u**2 - 6*u - 6. Let q be f(-3). Suppose 17 = 2*g + w, -2*g - 5*w = -0*g - q. List the prime factors of g.
2
Let b = 1478 + 232. What are the prime factors of b?
2, 3, 5, 19
Let r = -10 - -359. What are the prime factors of r?
349
List the prime factors of (148/185)/((-2)/(-2605)).
2, 521
Suppose 4*c - 2113 = 3*c - 5*d, -2*c + d = -4226. What are the prime factors of c?
2113
Let h be 6*(24/(-9) + 3). What are the prime factors of (-6)/(4/(-88)*h)?
2, 3, 11
Let y(k) = -k + 22. Let x(i) = -4*i + 5. Let g be x(2). Let s be g*(-12)/4*1. List the prime factors of y(s).
13
Suppose 3*y + 0 - 6 = 0. Let u(n) = n**2 + 17*n + 26. Let r be u(-18). Suppose -y*k = 2*k - r. List the prime factors of k.
11
Suppose -4*r - 8 = 0, 5*i - 3*r - 10 - 101 = 0. Suppose 190 = 2*g + 5*x + i, 0 = 2*g + x - 157. What are the prime factors of g?
7, 11
Let v be (-59)/4 - 1/4. Let l be (v + -3)*2/(-6). Suppose 0 = -4*k + 26 - l. List the prime factors of k.
5
Suppose 64*z = 73*z - 14697. What are the prime factors of z?
23, 71
Suppose -404 = -2*n - 5*g + 4163, -4*n + 9149 = -5*g. List the prime factors of n.
2, 3, 127
Suppose x + 4*x = 30. Let a be 0/(-7 - -6) + 378/1. List the prime factors of ((-3)/x)/((-7)/a).
3
Suppose -2*q + q = 5*y - 17, -2*q + 9 = 5*y. Let u be 5/2*q/(-10). Suppose 0 = -4*h + 5*m + 35, -u*h - 5*m = 7 - 2. What are the prime factors of h?
5
Suppose 48*n = 50*n - 2056. List the prime factors of n.
2, 257
Let p be (-3 - 6/9*-3)*-7. Suppose -12*u = -p*u - 115. List the prime factors of u.
23
Suppose 0*p - 5*p - 60 = 0. Let z = 70 + p. Suppose 5*c - 22 = z. List the prime factors of c.
2
List the prime factors of (5981 + 1)*(58/(-12) + 5).
997
Suppose 5*u = -2*h - 11 - 13, 0 = -4*u - h - 21. Let l = u + 7. What are the prime factors of (10 - -25) + 0/l?
5, 7
Let h = -510 + 792. What are the prime factors of h?
2, 3, 47
Suppose -9*x = -11*x - 3*w + 1862, 920 = x - 4*w. What are the prime factors of x?
2, 29
Suppose 2*f - 5*d + 0*d = -4, 5*d = 0. List the prime factors of 165/2 - -2*f/(-8).
83
Let r = -34 + 35. Let g(o) = 18*o**3 - o**2 - o - 1. List the prime factors of g(r).
3, 5
Suppose 19*j = 65*j - 56304. List the prime factors of j.
2, 3, 17
Let j = 783 - 220. Suppose 5*u = -4*c + j, 4*u + u + 172 = c. List the prime factors of c.
3, 7
Let r(w) = 11 - w**2 - 6*w**3 - 3*w**2 + 4*w**3 - 5. Let o be r(-6). List the prime factors of (34/(-51))/((-4)/o).
7
Suppose 2*z = -2*f + 247 + 419, -3*z = f - 331. List the prime factors of f.
2, 167
Suppose -d + 7514 = 16*d. What are the prime factors of d?
2, 13, 17
Let j(x) = 865*x**2 + 4*x - 2. What are the prime factors of j(-1)?
859
Let w be -2*3/3 + 5. Suppose 0 = 5*o - 3*q - 67, 0*o - 25 = -w*o - 2*q. Let z = o + 8. List the prime factors of z.
19
Suppose 0 = v + 1 + 1, -v = -5*q + 1217. What are the prime factors of q?
3
Let x(y) = -y**3 - 4*y**2 + 7*y + 7. Let v be -21*((-3)/(-27) - 6/(-27)). List the prime factors of x(v).
3, 5, 7
Suppose -4*d = n - 2354, -5*d = -3*d + 3*n - 1172. What are the prime factors of d?
19, 31
Let z(g) = 4*g**2 - 3*g - 6. Let i be z(-3). Suppose -3*l = -p + l + i, p = 3*l + 36. Suppose -2*s + 19 = -p. What are the prime factors of s?
23
Let j be -4*(36/16)/(-3). Suppose q = -j*q + 28. Let p = q - -11. What are the prime factors of p?
2, 3
Suppose 8 = 7*c - 13. Suppose c*i = 3*k - 70 + 262, 2*k - 238 = -4*i. List the prime factors of i.
61
Let n = -3527 + 6730. List the prime factors of n.
3203
Suppose l + 0*f = f - 1, -4*f + 24 = l. Suppose 4*w - 2*k - 130 = 0, -w + 5*w + l*k = 124. List the prime factors of w.
2
Suppose 0 = -24*y + 49*y - 225. Let g be (-5)/4*(1 - 5). Suppose g*v + 52 = y*v. What are the prime factors of v?
13
Let i(j) be the first derivative of -5*j**2/2 + 26*j + 1. What are the prime factors of i(-15)?
101
Let o(p) = p**2 + 14*p + 4. Let k be o(-14). Suppose x - 111 = -4*r, -r = -8*x + k*x + 410. List the prime factors of x.
103
Let j be (0/(16 + -7))/(1*-1). Suppose j = 6*w - 123 - 399. What are the prime factors of w?
3, 29
What are the prime factors of (8/10)/(-2 - (-4212)/2105)?
2, 421
Let q(r) = -r**2 + 10*r + 13. Let h be q(11). Let t(i) = i - 6*i**h + 7*i**2 - 2*i - 5. What are the prime factors of t(5)?
3, 5
Let j(b) = -150*b - 644. What are the prime factors of j(-20)?
2, 19, 31
Let j be (3 + 34/(-2))/(-2). Let l(k) = -2*k**2 + 4*k - 6. Let n(q) = 2*q**2 - 4*q + 5. Let z(w) = j*n(w) + 6*l(w). List the prime factors of z(-3).
29
Let o = 259 - 125. Suppose o + 190 = 2*c. What are the prime factors of c?
2, 3
Let d = 3590 - 594. What are the prime factors of d?
2, 7, 107
Let l be 4 - 5 - (-93 + 0). Suppose 5*h + 2*y = 211, -h - l = -3*h + 3*y. List the prime factors of h.
43
Let o = 596 - 390. List the prime factors of o.
2, 103
Suppose -5*y + 10 = -5. Let t = 126 + 5. Suppose 53 = -y*z + t. List the prime factors of z.
2, 13
Let s(n) = 0*n + 6*n**3 + 2*n**2 - n - 3*n**2 + 5*n**3 + 1. Suppose 2 = 3*y - 1. List the prime factors of s(y).
2, 5
Suppose 3*k = -4*d - 58, 0 = 2*k - 5*d + 19 + 12. Let g = -12 - k. List the prime factors of g.
2, 3
Let p(v) = v**2 + 11*v - 7. Let x be p(-12). Suppose 3*a + 3*b - 330 = 0, -x*a + 10*a = -b + 554. What are the prime factors of a?
3, 37
What are the prime factors of (-2027)/(-9) - (176/(-99) + 2)?
3, 5
Let h = 5464 + -2936. What are the prime factors of h?
2, 79
Suppose -7650 = n - 11*n. What are the prime factors of n?
3, 5, 17
Let b be ((-4)/1 - 1)/(-1). Suppose -2353 + 748 = b*f. List the prime factors of 27/(-18) + f/(-6).
2, 13
Let w(z) = 5*z**2 + 16*z + 15. Suppose 2*x = 12*x + 70. List the prime factors of w(x).
2, 37
Suppose 2*z = 4*s + 142, 3*s = -0*s + 15. Let w = z - -16. What are the prime factors of w?
97
Let b(x) = -x - 5. Suppose 5*r - 7 = 3. Suppose 4*l + 34 = 3*z + r*z, -2*l = -4*z + 14. What are the prime factors of b(l)?
2, 3
What are the prime factors of (-2)/3*(-3278 - 1)?
2, 1093
Suppose 0 = -b - 2 + 7. Let f = -1 + b. Suppose -h = f*r - 30, 6*r - 20 = r. List the prime factors of h.
2, 7
Let u(z) = -8*z**2 - 8*z - 19. Let v be u(-4). Let h = v + 166. List the prime factors of h.
3, 17
Let f(s) = 23*s + 8. Let u be f(6). Suppose -q + u = 4*w + 4*q, 0 = -4*q + 8. List the prime factors of w.
2, 17
Let b(r) = 25*r - 70. List the prime factors of b(7).
3, 5, 7
Let t(j) be the second derivative of -5*j - 3/2*j**2 -